is the remainder when 93 is divided by r?
17
Let i(m) = -m - 5. What is the remainder when i(-24) is divided by 10?
9
Let w = -49 + 59. Calculate the remainder when w is divided by 5.
0
Suppose 0 = 3*r + 3, 4*j - 5*r = 2*j + 7. Suppose n + j = 17. Calculate the remainder when n is divided by 6.
4
Let y = 1 + 12. Let k(o) = -o**3 - 4*o**2 + 5. Let h(n) = n + 1. Let z be h(-5). What is the remainder when y is divided by k(z)?
3
Calculate the remainder when (-4)/28*0 + 26 + 1 is divided by 15.
12
Suppose -5*d - 3*h + 216 = 64, -5*h = 4*d - 132. What is the remainder when 80 is divided by d?
24
Let r(a) = -2*a + 1. Suppose 9 = 2*j - 1. Suppose -5*t - j = 15. What is the remainder when 35 is divided by r(t)?
8
Suppose -55 = -3*k + 2. Suppose 2*m = 5*m - 21. What is the remainder when k is divided by m?
5
Suppose h - 2*h = -20. Calculate the remainder when 94 is divided by h.
14
Let c = -7 + 12. Suppose -3*z + 6 + 42 = 4*k, -3*k - c*z + 47 = 0. What is the remainder when 24 is divided by k?
6
Let i = 46 + -23. Calculate the remainder when i is divided by 12.
11
Let q(v) = 15 + 4*v**2 + v**3 - v**2 - v + 4*v**2 - 6*v**2. Let p(j) = 9*j**2 + 2*j + 1. What is the remainder when q(0) is divided by p(-1)?
7
Let p(u) = 4*u**2 - 2*u**3 + 3 + u**3 + u + 2*u - 7. Suppose 2*v - 5*b + 18 = 93, 3*v = 4*b + 102. Calculate the remainder when v is divided by p(4).
6
Let c(t) = -t**3 - t**2 + 3*t + 3. Calculate the remainder when 23 is divided by c(-3).
11
Let b = -49 + 35. Calculate the remainder when 21 is divided by 7/(b/(-4)) - -4.
3
Let y(i) = i + 3. Let o be y(-4). Let r = o - -3. Suppose -r*m + 6 = m. Calculate the remainder when m is divided by 2.
0
Let s be (-6 + 2)/12*0. Suppose s = -3*r + 34 + 101. What is the remainder when r is divided by 12?
9
Let a = 0 + 3. Suppose -9 = -u - 4. Calculate the remainder when u is divided by a.
2
Suppose -4*c + 35 = -49. Suppose 2*v - c = -v. Suppose -8*k = -6*k - 52. Calculate the remainder when k is divided by v.
5
Let w be 1 + -4 + 4 + 1. Suppose -3*j - 4*l = -229, 2*j - w*l - 138 = -l. Calculate the remainder when j is divided by 18.
17
Let m be (-76)/(-12) - 3/9. Let l(n) = -n**3 + 7*n**2 - 5*n. Calculate the remainder when l(m) is divided by 4.
2
Let k be -2*(0 - 9/(-6)). Let o be 27/6 - k/(-6). Suppose o*n - 62 = -v + 2*v, -5*n = -4*v - 83. What is the remainder when n is divided by 6?
3
Suppose -42 = -2*g + 12. Let n = -2 - -3. Calculate the remainder when g is divided by 0 + n + 10 + -1.
7
Suppose 3 = 3*j - 3. Suppose 2*g + g - j*q = 7, 4*g - 4*q = 4. What is the remainder when g is divided by 3?
2
Let g(h) = h**2 - 6. Suppose -2*n = -0*f + 4*f + 16, 5*f - 5*n = -35. What is the remainder when 36 is divided by g(f)?
17
Let g = 3 + 3. Suppose -4*b - 3*k + 60 = 0, -68 = b - g*b - 2*k. What is the remainder when (-6)/(-4)*(-264)/(-18) is divided by b?
10
Let g(l) = 8*l - 2. Let i be 9/6 + 1/2. Suppose r + 41 = 2*r. What is the remainder when r is divided by g(i)?
13
Let l = 11 - 5. Let t = -3 + 18. Calculate the remainder when t is divided by l/(-15) + 84/10.
7
Let b(t) = 6*t + 12. Let q be b(-8). Let j(o) = -52*o**3 - 2*o - 1. Let w be j(-1). Let f = q + w. What is the remainder when f is divided by 9?
8
Let p(g) = -g**3 + g**2 - g + 4. Let b = 4 - 4. Let l be p(b). Suppose -4 = -l*s + 4. Calculate the remainder when 5 is divided by s.
1
Suppose -54 = 3*z + 4*l + 168, 5*l = -3*z - 222. Let g = 145 + z. Calculate the remainder when g is divided by 18.
17
Let t(n) = n**3 + 4*n**2 - 7*n - 5. Let u be t(-5). Suppose q = -2*z + 9, -18 = -0*q - 2*q + u*z. What is the remainder when q is divided by 5?
4
Suppose -4*l - 2*w - 34 = 0, 4*l - w = -30 - 13. Let u = l + 6. What is the remainder when 15 is divided by (-76)/(-10) + u/(-10)?
7
Let x(g) = -g - 5. Let y be x(-8). What is the remainder when ((-3)/(-2))/((-3)/(-16)) is divided by 8 + (1 - 3) - y?
2
Suppose 4*a - 17 = 3*a. Suppose -98 = -2*w - 0*w. Calculate the remainder when w is divided by a.
15
Suppose b = -2*b - 4*a + 107, 5*b = 3*a + 188. Calculate the remainder when b is divided by 19.
18
Let l = 166 + -92. Calculate the remainder when l is divided by 19.
17
Let l = -19 + 30. Let z = l - 8. Suppose 4*x = z*b - 2*b - 30, b + x = 5. What is the remainder when 37 is divided by b?
7
Let w(u) = 4*u**2 - 5*u**2 + u**2 + 2*u**2 + 2. Calculate the remainder when w(-4) is divided by 12.
10
Suppose -5*q = -q - 48. What is the remainder when q is divided by 7?
5
Let d = 123 + -114. What is the remainder when 27 is divided by d?
0
Suppose -10 + 4 = -s + x, -2 = s + 3*x. Suppose -39 = -2*z + 5*g, z + g + 2 = s. What is the remainder when 27 is divided by z?
6
Let c be (-25)/(-20) - (-1)/(-4). Calculate the remainder when 7 is divided by 0 + c + (-2)/(-2).
1
Let q = 113 - 99. What is the remainder when 34 is divided by q?
6
Let v(y) = -y**3 - 7*y**2 - y - 6. Let q be 6/(2*12/(-32)). What is the remainder when v(q) is divided by 23?
20
Let j be (-3)/(2 + 22/(-8)). Suppose -4*t = -0*w + 2*w - 66, -j*w - 4 = 0. Calculate the remainder when 50 is divided by t.
16
Suppose 0 = -i + 9*i - 144. What is the remainder when i is divided by 10?
8
Suppose 5*c = 10*c. Suppose -2*d - 5*h + 36 = 0, 0*d - 5*d + 4*h + 57 = c. What is the remainder when d is divided by 8?
5
Let y = 6 + -1. Suppose 5*o = 2*o. Suppose -2*z + 5 + 13 = o. Calculate the remainder when z is divided by y.
4
Let y(x) = -x**3 - 4*x**2. What is the remainder when 74 is divided by y(-5)?
24
Let i(k) = 12*k**3 - 2*k**2 + k. What is the remainder when i(1) is divided by 4?
3
Suppose -f = -2 - 5. Suppose 2*z + f = 25. What is the remainder when 34 is divided by z?
7
Let d(u) = u - 4. Let v be d(6). Suppose 2*o = 3*n - 32, v*n - 24 + 8 = 4*o. Calculate the remainder when 23 is divided by n.
11
Let f(z) = z**2 - 5*z + 4. Let m be f(5). What is the remainder when 70 + 0 - (m - 3) is divided by 24?
21
Calculate the remainder when 21 is divided by 2 - ((-1)/(-1) + -12).
8
Let c = 97 + -55. What is the remainder when c is divided by 9?
6
What is the remainder when 43 is divided by 6/2*(-2 + 6)?
7
Let w = 7 - 4. Suppose 0*x + x + 265 = 5*l, 0 = -w*x. Let c = l + -32. Calculate the remainder when c is divided by 11.
10
Suppose 36 = -2*x + 3*x - 5*t, -4*t = 3*x - 108. Let a be (0 - (3 - 2)) + 5. Suppose 16 = a*l - x. What is the remainder when 37 is divided by l?
11
Suppose -r = 3*r - 52. Calculate the remainder when 62 is divided by r.
10
Suppose -3 = -o + 4. Let s = o - -1. Calculate the remainder when 15 is divided by s.
7
Suppose -1187 + 350 = -31*v. What is the remainder when v is divided by (-2)/8 + (-114)/(-8)?
13
Suppose 75 = -y + 6*y. Let h be ((-48)/(-10))/4*5. Suppose -3*i + h = -78. Calculate the remainder when i is divided by y.
13
Let c(t) = t**3 + 11*t**2 + 10*t + 6. What is the remainder when c(-10) is divided by 2?
0
What is the remainder when (-3 + (-46)/(-6))*3 is divided by 5?
4
What is the remainder when 3 is divided by (-1)/3*9/(-1)?
0
Let p(v) = 2*v**2 - v + 3. Calculate the remainder when 11 is divided by p(0).
2
Let s be 12/(-3) + 1 + -2. Calculate the remainder when -1*13*(s + 4) is divided by 5.
3
Let j = -75 - -113. Suppose -i + 16 = i. Calculate the remainder when j is divided by i.
6
Let b = -296 - -516. Calculate the remainder when b is divided by 17.
16
Let t = -11 - -14. Calculate the remainder when t is divided by 1.
0
Suppose -5*f = -3*v - 35, -3*f - 5*v + 3*v = -21. Calculate the remainder when 40 is divided by f.
5
Let z(b) = -7*b**3 + b. Let l be z(1). Let x = 4 + l. Calculate the remainder when 17 is divided by (x/(-4))/(2/36).
8
What is the remainder when 42*(6 + 0)/18 is divided by 9?
5
Suppose 45*w - 47*w = -8. What is the remainder when 8 is divided by w?
0
Calculate the remainder when (-6 - -2)/((-16)/24) is divided by 3.
0
Let j = 22 - 9. Suppose 4*a = 5*a - 2*u + 4, 2*u - 8 = 0. Calculate the remainder when j is divided by a.
1
Let x(u) = -u - 2. Let c be x(-10). Let q(r) = r**2 - 8*r + 3. Calculate the remainder when 7 is divided by q(c).
1
Let p(q) = 2*q**3 - 2*q**2 - q + 3. Let z be p(4). Let w = -54 + z. Suppose 55 = 4*l - 1. What is the remainder when w is divided by l?
13
Suppose 2*w = 21 - 1. Let r(q) = 19*q**2 + q. Calculate the remainder when r(-1) is divided by w.
8
Let r 